 Suppose -5*l = w - 119, -5*l + 88 + 140 = 2*w. Calculate the remainder when w is divided by h + 3/((-9)/(-2))*-6.
25
Suppose 18 = m - 81. Let f be 28/(-8)*(-19 + 1). Let y = -29 + f. Calculate the remainder when m is divided by y.
31
Calculate the remainder when 1253 is divided by 6/(-12)*-5 - (3 + (-605)/10).
53
Suppose 4*m + 3*p = -8536 - 7442, 0 = 5*m + p + 19967. Let q be m/(-132) - -3*1/4. Suppose -3*u = -443 - q. What is the remainder when u is divided by 40?
38
Let a(w) = -w + 24. Let q be 4*(-5 - (-75)/12). Suppose -q*v = -11*v + 114. Calculate the remainder when 7 is divided by a(v).
2
Suppose 87*f = 85*f + 140. Let t = 47 - 32. Calculate the remainder when f is divided by t.
10
Let g be (-130)/8 + 2/8. What is the remainder when (-2)/(-4) + (-3)/30 - 572/(-20) is divided by 6/4*g/(-3)?
5
Let o(b) = -21*b + 1. Suppose -2 = -m - 2*t, 2*m + 5*t = 4 + 3. Let u be o(m). Suppose 20*s - 3*s = u. What is the remainder when 21 is divided by s?
1
Let s = -31 + 33. Suppose 4 = 5*c - s*c - 2*i, -4*c = 2*i - 24. Calculate the remainder when 98 is divided by 25*((-3)/(-5) + c/10).
23
Let o(x) = 39*x - 35*x - 6*x**2 + 3 + 22*x**2. Calculate the remainder when o(2) is divided by 30.
15
Suppose 8*m = -378 + 490. Calculate the remainder when 129 is divided by m.
3
Let y(p) = -116*p + 5470. What is the remainder when 5225 is divided by y(46)?
133
Suppose 532*z - 491*z = 68511. What is the remainder when z is divided by 120?
111
Suppose 2*q = -67 + 227. Let y(p) = 20*p - 24 - 8*p - 25 + 42. What is the remainder when q is divided by y(4)?
39
Let t = 110 + -46. Suppose -364 = -t*x + 57*x. Calculate the remainder when x is divided by 20.
12
Suppose 0 = -2*g + 3*d + 31, -3*g - 3*d + d + 53 = 0. Suppose -32 = -4*i + 348. Suppose 0 = -102*x + i*x + 203. What is the remainder when x is divided by g?
12
Suppose 6 = 14*g - 148. Let q = -15 + 58. What is the remainder when q is divided by g?
10
Let u(t) = 39*t**2 + 2*t. Let r be u(-2). Suppose 0*o = 4*o - r. Suppose 65 - o = 3*i. Calculate the remainder when 14 is divided by i.
5
Suppose 293*o - 233594 + 139122 = 627480. Calculate the remainder when o is divided by 206.
198
Suppose 240 = 13*y + 3*y. What is the remainder when ((2 - -1)*(-490)/35)/(-1) is divided by y?
12
Suppose -2*m - m - 134 = -f, -f = m - 146. Let k = f + -127. Let i(b) = 30*b. Calculate the remainder when i(1) is divided by k.
14
Let b(j) = 2*j**2 - 5*j + 2. Let x(r) = -6*r**2 + 10*r - 3. Let u(s) = 5*b(s) + 2*x(s). Calculate the remainder when 16 + (-4)/(3 - -1) is divided by u(-2).
3
Suppose -5*v + 3*v + 4*y + 100 = 0, -220 = -4*v - 2*y. Let r = -3433 + 3548. Calculate the remainder when r is divided by v.
7
Suppose -3*r + 732 = 5*l, -4*r - 13*l = -8*l - 976. Let j = 272 - r. Calculate the remainder when 77 is divided by j.
21
Let a = -267 - -419. Let s = -339 - -341. Suppose y - 125 = -4*y + 3*z, -4*y + s*z = -98. What is the remainder when a is divided by y?
20
Let i(v) = v**3 + 5*v**2 - 6*v + 2. Suppose -j + 3*r = 665 - 679, 2*r = -3*j + 86. Calculate the remainder when i(-4) is divided by j.
16
Let i(f) = -8*f. Let z(b) = b**3 + 7*b**2 - 3. Let c be z(-7). Calculate the remainder when i(c) is divided by 9.
6
Suppose 19*k = -2174 + 2554. Calculate the remainder when 534 is divided by k.
14
What is the remainder when (-10)/(-15)*554*12/4 is divided by 22?
8
Let t = 449 + -365. Suppose 0 = 164*k - 169*k - 5*x + 105, -k = -5*x - 3. Calculate the remainder when t is divided by k.
12
Let i = -12029 + 16127. What is the remainder when i is divided by 25?
23
Suppose -s - 26*j + 31*j = -71, -4*s + 5*j + 314 = 0. What is the remainder when 46168 is divided by s?
79
Let h(m) = -8*m + 210. Let j be h(26). Suppose -1340 = -5*z + 5*r, 4*z + j*r - 304 = 738. Calculate the remainder when z is divided by 68.
59
Suppose 15*a - 70 = 5. Suppose 352 = a*d - 28. Calculate the remainder when d is divided by 6.
4
Let d = -8423 - -9901. Calculate the remainder when d is divided by 51.
50
Let g = -211 - -214. Suppose -c + 18 = q, 0 = 4*c - g*q - 42 - 23. Calculate the remainder when 23 is divided by c.
6
Let y be 4/22 + (-81)/(-99). Let f be (-204)/8 + y/2. What is the remainder when (-2 - -7)*(-310)/f is divided by 13?
10
Let d be -1*(-22)/(-2) - -1. What is the remainder when 2/d - (-768)/15 is divided by (-252)/7 + 20 + 30?
9
Suppose 354*c = -j + 353*c + 751, -2*j + 1481 = -5*c. Calculate the remainder when j is divided by 153.
136
Suppose 64*d = -2*a + 69*d + 74, 38 = a - 3*d. Calculate the remainder when 46 is divided by a.
14
Suppose 12*c + 23*c + 1960 = 0. Let r = 132 + c. Calculate the remainder when r is divided by (-20)/(-2)*(-4)/(-1).
36
Let f(w) = -202*w - 1072. What is the remainder when f(-43) is divided by 28?
26
Let f = -4723 + 4767. Calculate the remainder when 151 is divided by f.
19
Let v = 15171 - 13185. Calculate the remainder when v is divided by 7.
5
Let h = 12490 - 12374. What is the remainder when h is divided by 35?
11
Suppose 4 = 4*p, a = -4*p + 5*p + 194. What is the remainder when 727 is divided by a?
142
Let a(n) = 0*n - n + 0*n + 2 + 6*n**2. What is the remainder when ((-4)/(-42)*3)/((-155)/(-28210)) is divided by a(-2)?
24
Let w = 5549 + -5510. Calculate the remainder when 561 is divided by w.
15
Suppose 5*g + q = 970, -g - 21*q + 194 = -17*q. Suppose 5*x = 24 + 171. Calculate the remainder when g is divided by x.
38
Let w be (41 - -4) + (0 - 0) + 3. What is the remainder when 54 is divided by ((-49)/(-42)*-1)/((-4)/w)?
12
Suppose -5*o + 14*g + 1270 = 10*g, -254 = -o - 2*g. What is the remainder when o is divided by 20?
14
Suppose -8*f = 201 - 1769. Calculate the remainder when 794 is divided by f.
10
Suppose -98 = -3*o - y + 89, -o - 3*y + 97 = 0. Let u(w) = -w**3 + 2*w**2 + 2*w - 1. Calculate the remainder when o is divided by u(-2).
3
Calculate the remainder when ((-102)/(-10))/1*(14 + -9) is divided by 6.
3
Let j(o) be the second derivative of 55*o**3/6 - 89*o**2 + o - 48. What is the remainder when j(4) is divided by 17?
8
Let c be (5/(-10))/((-1)/(-26)). Let w(h) = h**2 + 13*h + 2. Let x be w(c). Calculate the remainder when -2 - (-465)/10 - (-1)/x is divided by 23.
22
Suppose 14 = -t + 82. Suppose -10*j + 738 = t. Let g(a) = -3*a**3 + 2*a**2 + 2. Calculate the remainder when j is divided by g(-2).
33
Let i = -5703 - -5734. What is the remainder when 36 is divided by i?
5
Suppose -2115*a + 2125*a - 8330 = 0. What is the remainder when a is divided by 204?
17
Let a(s) = -1045*s - 3075. Calculate the remainder when 1011 is divided by a(-3).
51
Let h = 135 + 60. Suppose 198*r = h*r + 57. What is the remainder when 52 is divided by r?
14
Let l(f) = f**2 + 68*f + 637. What is the remainder when 403 is divided by l(-10)?
4
Suppose -117 + 113 = -4*k. Suppose 10*i - 28 = 2. What is the remainder when i is divided by k?
0
Let l = -382 + 846. Suppose y - 9*y = l. Let q = -44 - y. Calculate the remainder when 82 is divided by q.
12
Let l(w) = 3*w**2 - 47 - 7*w**2 + 3*w**2 + 19*w + 10. What is the remainder when 254 is divided by l(11)?
50
Let i = 106 + -152. Let r = -32 - i. What is the remainder when r is divided by 20/36*(100 - 91)?
4
What is the remainder when 861 is divided by (-2)/5*(-300)/(-40) + 1 + 142?
21
Let l(n) = 40*n**2 + 3*n - 1. Let k be l(2). Let y = 260 - k. Calculate the remainder when y is divided by 14.
11
Suppose u + 115 - 120 = 0. Suppose 4*i + 96 = 6*r - u*r, -5*r = 4*i - 576. What is the remainder when r is divided by 19?
17
Let i = -162 - -269. What is the remainder when i is divided by 3*(-188)/(-24) + 3/(-2)?
19
Let c = -1842 + 2506. Calculate the remainder when c is divided by 27.
16
Let n = 11743 + -11675. What is the remainder when 3666 is divided by n?
62
Let l = -103934 + 103997. Suppose 0*p - p = -23. Calculate the remainder when l is divided by p.
17
Calculate the remainder when 1374 is divided by 1684/32 + (-3)/(-8).
49
Let l = 14 - -9. Suppose -1704*d + 34208 + 199240 = 0. Calculate the remainder when d is divided by l.
22
Suppose -3*d + 5*k = -77, 4*d - 4*k = 139 - 47. Suppose -3*a + 98 + 54 = 4*z, -4*a - d = -z. Calculate the remainder when z is divided by 13.
9
Let j = 37 + -13. Suppose j*r = 29*r + 120. Let x = 35 + r. Calculate the remainder when 87 is divided by x.
10
Suppose 2*d - 15 - 